. Let b = 44 - z. What are the prime factors of b?
5
Let j = 45 + 62. Let w = j - -4. What are the prime factors of w?
3, 37
Suppose 2*m = -4*t + 2690, 3*t + 7259 = 5*m + 547. What are the prime factors of m?
17, 79
Suppose 0 = 5*k - 4*z + 2*z + 100, 5*z = -3*k - 91. Let r = k - -32. Let i(n) = -n**3 + 11*n**2 - 10*n + 8. List the prime factors of i(r).
2
Suppose m = 4, w + m + m - 24 = 0. Let y(g) = -g**3 + 16*g**2 + 5*g - 9. List the prime factors of y(w).
71
Suppose 3*i + 1356 = h, 0*h = -h + 5*i + 1350. Suppose 15*m + h = 20*m. What are the prime factors of m?
3, 7, 13
Let v = 803 + -213. List the prime factors of v.
2, 5, 59
Let m be (-411)/7 + 4/(-14). Let f = -20 - m. List the prime factors of f.
3, 13
Let g = -4 + 5. Let o be -3 - ((44 - g) + -3). Let c = 0 - o. What are the prime factors of c?
43
Suppose -3*j - 4*c = -683, -4*c + 6*c = -5*j + 1129. What are the prime factors of j?
3, 5
Let x(a) = 47*a**3 - a + 1. What are the prime factors of x(1)?
47
Suppose -47*s + 42*s + 840 = 0. Suppose -y - c + 24 = -22, -3*c - s = -3*y. List the prime factors of y.
3, 17
Let w(a) = 6*a**3 + a**2 - 2*a + 2. What are the prime factors of w(1)?
7
Suppose -5*n - 348 + 2638 = 0. Suppose 92 = 5*d - n. What are the prime factors of d?
2, 5, 11
List the prime factors of -8 - (-6 + (-12228)/6).
2, 509
Let j be 0*((-8)/6)/(-4). Let x be 2 + -6 + 2 + j. What are the prime factors of -12*(-2)/2 - x?
2, 7
Let d be (15/6)/((-3)/(-6)). Suppose 14 = -4*m + d*g + 34, 8 = 2*m - 2*g. Let n(r) = -r**3 - r**2 - r + 43. What are the prime factors of n(m)?
43
Suppose 4*p = 3*c - 11, -3*p = 5*c - 4 + 5. Let j(f) = 9*f**2 - f - 1. List the prime factors of j(p).
37
Let r(c) = c + 3. Suppose -i - 17 = 4*a - 4*i, -3*a + 4*i = 11. Let q be r(a). Let y = 2 - q. List the prime factors of y.
2
Suppose -214*l + 205*l + 25713 = 0. List the prime factors of l.
2857
List the prime factors of (3/15)/(4/60) + 2605.
2, 163
Let v = 827 + -557. What are the prime factors of v?
2, 3, 5
Let o(l) = -l - 2. Let k be o(-2). Let r be -1*((k - 4) + 3). Let z = r + 35. What are the prime factors of z?
2, 3
Let u = 79 + -24. Suppose 0 = 2*j + n - 5 + 17, 5*j + 16 = n. List the prime factors of u/4 + (-1)/j.
2, 7
Let t(a) = 2*a**2 + a + 6. Let b be t(5). Let x be (-2 - -3 - -3) + b. Suppose -4*v + 9*v - x = 0. What are the prime factors of v?
13
Let v = -22 + 24. What are the prime factors of v*-1 - (-2 + -5)?
5
Let r(w) be the first derivative of 3*w**4 + 2*w**3/3 + w**2 - 4*w + 8. Let v be r(-2). Let i = -68 - v. What are the prime factors of i?
2, 7
Suppose -17*f = -935 - 561. Let z = 310 - f. List the prime factors of z.
2, 3, 37
Suppose 1396 = 28*l + 360. List the prime factors of l.
37
Let k be 447/5 + (-6)/(-10). Suppose -5*n + 560 = k. List the prime factors of n.
2, 47
Let y(m) = -m**3 - 3*m**2 - 23*m - 40. List the prime factors of y(-11).
1181
Let f(z) = 3*z + 4. Let q be (-18 - -2)/(2 - 4). List the prime factors of f(q).
2, 7
Suppose 3 = 3*o - 4*o. Let m = -11 - o. What are the prime factors of -4*(-1 + 82/m)?
3, 5
Suppose -2*f + 7 = 3, 5*f = -3*s + 214. Suppose -m + s = 5. List the prime factors of m.
3, 7
Let y(a) = 118*a**3 - 9*a**2 + 25*a - 2. List the prime factors of y(3).
2, 7, 227
Suppose 2*l - 5*n - 7 = -4*n, 4*l - 17 = n. Suppose 2*a = -8, 3*f - l*f + 22 = a. Suppose -4*z - 3 = f, -3*p = z - 104. List the prime factors of p.
2, 3
Suppose 35479 + 35275 = 17*m. What are the prime factors of m?
2, 2081
Suppose 6*h - 3*h = 0. Let x = 90 - 85. Suppose h*p - 5*w + 10 = x*p, 0 = -5*p - w + 18. List the prime factors of p.
2
Suppose 2*v + 2*z - 12 = -0, -4 = -4*z. Suppose -26 = -4*s - v*p + 21, 2*s - 16 = -4*p. Suppose 5*c = 2*c + s. List the prime factors of c.
2, 3
Let i(p) = -p**3 + 12*p**2 + 40*p - 87. List the prime factors of i(-13).
2, 3, 67
Let z(q) = 0 + q - 2 + q - 6 + 3*q**2. What are the prime factors of z(-6)?
2, 11
Let r(k) = k**2 + 0*k**2 + 15*k - 4 + 14 + 6. Let h be r(-14). Suppose -h*j + 24 = -u - 4*u, 5*j + u = 87. List the prime factors of j.
17
Let d = 186 - 18. Suppose 0 = -4*j + 4*t + 224, -2*t - d = -3*j + 2*t. List the prime factors of j.
2, 7
Let l(o) be the third derivative of -o**6/240 - 11*o**5/120 + 3*o**4/8 + o**2. Let f(p) be the second derivative of l(p). What are the prime factors of f(-10)?
19
Suppose -2*y + 23 = 5*t, 3*t - 2 - 15 = -2*y. Suppose y*a = 8 + 12. What are the prime factors of a?
5
Let s be 6/(-27)*3*36/8. List the prime factors of (9/s + -13)*4/(-2).
2
Let n = 976 + 186. Suppose -8 = -4*f, -6*j - 5*f = -2*j - n. List the prime factors of j.
2, 3
Suppose -1 = 2*j - 5. Let f be (j - 2/2) + 1. Suppose -q + 39 = 3*u, -f*q - 3*q - 5*u = -145. What are the prime factors of q?
2, 3
Suppose 1 - 9 = -4*x. Suppose 2*d - 3*b + 58 = 0, -x*b - 162 = 5*d - b. Let n = 44 + d. List the prime factors of n.
2, 3
Suppose 5*o - 4733 = -3*b - b, 4728 = 4*b + 4*o. List the prime factors of b.
11, 107
Let i(k) = -325*k + 101. What are the prime factors of i(-14)?
4651
Suppose 2*z + 5*f = 411, 75 + 762 = 4*z - 5*f. Let x = 313 - z. List the prime factors of x.
3, 5, 7
Let a = -43 - -22. Let x = a + 92. What are the prime factors of x?
71
Suppose 7*z - 102 = 6*z. What are the prime factors of z?
2, 3, 17
Let o = 14 + -14. Suppose o = p + 2*p - 105. List the prime factors of p.
5, 7
Suppose -20 = -4*q + 24. Suppose 12*n - 30 = q*n. What are the prime factors of n?
2, 3, 5
Let l(f) = 34*f**2 - 25*f - 57. What are the prime factors of l(-9)?
2, 3, 487
Suppose 0*a - 10 = -5*a. Let f(x) = 1 + 0 + 16*x**3 + 2 - 4 - x**2 + a*x. List the prime factors of f(1).
2
Let d = 740 + 1453. List the prime factors of d.
3, 17, 43
Let k be 121 - (2 - 3 - 1) - 1. Let p(v) = v**3 - 2*v**2 + 2*v - 1. Let s be p(1). Suppose 4*u = 2*r + k, -u + 2*r + s*r = -23. List the prime factors of u.
3, 11
Suppose -q = 3*i - 55, 0 = -0*q + 4*q - 4. Suppose 4*m - i = -2. Suppose 3*p = m*p - 11. List the prime factors of p.
11
Let y(z) = 10*z**2 + 61*z + 4. What are the prime factors of y(-9)?
5, 53
Let a(r) = 2*r + 21. Let b be a(24). Let g = b + -17. List the prime factors of g.
2, 13
Let b be 1 - (2 + (-6)/2). Let x be (13/26)/(b/68). Suppose 2*q - 39 = -x. What are the prime factors of q?
11
Let g(z) = z + 12. Let t be g(0). Suppose -w + 12 = -2*k, 5*w + t = k - 3*k. What are the prime factors of (-102)/(-9)*k/(-4)?
17
Suppose -3*t - 1 = 5. Let i(n) = 791 + 5*n**2 - 4*n - 792 + n. What are the prime factors of i(t)?
5
Suppose -3*d + 0*d - 6 = -5*v, -4*v + 2 = -d. Suppose -q + 8*q = v. List the prime factors of ((-2)/(-7) - q)*21.
2, 3
Let r = 21 - 31. Let u = 19 + r. List the prime factors of u.
3
Let d(h) = -3*h - 43. Let p be d(-14). List the prime factors of (26/(1/p))/((-16)/128).
2, 13
Let g(f) = 29*f + 1856. List the prime factors of g(0).
2, 29
Suppose -w + 4*o + 68 = 0, -2*o + 118 = 2*w - o. Let j = 135 - w. What are the prime factors of j?
3, 5
Let b be (-6)/(-2 + -1 - -1). Let a(o) = 9*o + 19. What are the prime factors of a(b)?
2, 23
List the prime factors of ((-28)/56)/(1*(-4)/7832).
11, 89
Let h be 1150/4 - (-1)/(-6)*-3. Let u = h + -164. What are the prime factors of u?
2, 31
Let p = 57 + -63. List the prime factors of 140/p*(-8)/(80/15).
5, 7
Let l(r) = -49*r + 1. Let d = -16 + 15. List the prime factors of l(d).
2, 5
Let m(r) = -74*r. Let z be m(3). Let u = z - -485. What are the prime factors of u?
263
Let f = 42 - 39. Suppose -f*k - x + 78 = 0, 0 = -2*k + 5*x + 53 + 16. What are the prime factors of k?
3
Suppose -92 = 76*l - 78*l. Suppose 19*y - l = 17*y. List the prime factors of y.
23
Suppose 9*r - 8 = 5*r. Suppose 3 = -5*o + 4*a, -2*o - 2*a + 4*a - r = 0. What are the prime factors of o + (2 - 0) - -14?
17
Let f = -681 - -720. What are the prime factors of f?
3, 13
Let g(i) = -22*i + 2. Let m be g(-1). Suppose -2*r = 5*z - 35, -2*z + 3*r + 9 = -m. List the prime factors of z.
3
Let b(g) = g**3 + 9*g**2 + 7*g - 11. Let v be b(-8). Let s(p) = -p - 3. Let y be s(v). Let u = 15 - y. List the prime factors of u.
3, 5
Let h be (2/(-5))/(96/(-13680)). Let p(w) = 2*w**3 - 2*w**2 - w + 3. Let z be p(3). Let d = h - z. What are the prime factors of d?
3, 7
Let b be 1 + 11 + -4 + -4. Suppose 109 = 5*c - b*c. What are the prime factors of c?
109
Suppose -3*v = v + 120. Let n